t r = 1519 + 5023. Suppose -3*l - 269 = -r. What is the thousands digit of l?
2
Suppose 26*p - 7*p - 363778 - 430479 = 0. What is the ten thousands digit of p?
4
Suppose -10*k - 83 = 97. What is the tens digit of 224/(-504) - 1484/k?
8
Let f = -64 + 180. Suppose -5*c = -4*c + f. Let k = c - -253. What is the units digit of k?
7
Suppose 190*z + 117648 = -193*z + 395*z. What is the tens digit of z?
0
Let y = 10461 - 4425. What is the units digit of y?
6
Let g = -896 - -897. Let z(c) = 1975*c**3 - 2*c + 3. What is the thousands digit of z(g)?
1
Suppose 0 = 2*i - u - 44, 4*i - 3*u + 7*u = 88. Let z = i - -435. Let r = z + -313. What is the units digit of r?
4
Suppose -z - 5*a - 1156 = 3*z, 0 = -z + 4*a - 268. Let b = 714 + z. What is the units digit of b?
0
Let y be (2/2)/(3/(-219)). Let g = y - -71. What is the units digit of (-3805)/(-20) - g/(-8)?
0
Let q = -869 - -927. Suppose k - 5*t = 268, 223 = -0*k + k + 4*t. What is the tens digit of q/87*(k/2 + 0)?
8
Let c(r) = -9*r**3 + 37*r**2 - 2*r + 306. What is the hundreds digit of c(-17)?
2
Suppose 1052315 = 89*n - 10790. What is the thousands digit of n?
1
Suppose -2*d - 6*d + 320 = 0. Suppose 41*w = d*w + 166. What is the tens digit of w?
6
Let h be (2 + 1)*(24/(-9))/4. Let z be -3 - (-1 + h) - -4. Suppose 3*t + z*o = 836, 3*t = t + 4*o + 584. What is the hundreds digit of t?
2
Let v = -87 - -191. Suppose -97*t = -110*t + 143. Suppose -v = -c - t. What is the tens digit of c?
9
Let o(c) = 614*c - 2613. What is the ten thousands digit of o(78)?
4
Suppose 9750 = -3*c + 8*c. What is the units digit of -2*(-2 - c/12)?
9
Suppose 0 = -154*v + 158*v - 10124. What is the units digit of v?
1
Suppose -254 + 282 = 7*n. Suppose -3536 = -n*i - 8*p, -4*i + p + 3536 = -3*p. What is the hundreds digit of i?
8
Let v(h) be the second derivative of 7*h**4/12 - 2*h**3/3 + h**2/2 + 116*h. What is the tens digit of v(-2)?
3
Let v be (-4)/(-2) - (-1 + -94). Let i = -92 + v. What is the units digit of 89*(-3 + i)*(-2)/(-4)?
9
Suppose 34*u - 543 = 31*u. Let r = 630 + u. What is the tens digit of r?
1
Let j be -42 - -40 - 2196*-1. What is the tens digit of j/6 - 14/21?
6
Let f be 3 + 2/(-1) + 299 + 24. What is the units digit of f + (-36)/4 + 6?
1
Suppose 138*l - 6998270 = -125*l + 73*l. What is the thousands digit of l?
6
Let v = 2933 - 1691. Suppose 2*g = 5*b - v, -1 = 4*g + 3. What is the hundreds digit of b?
2
Suppose -6*k + 3*o - 16316 = -10*k, 0 = 5*k + 4*o - 20395. What is the hundreds digit of k?
0
Suppose -15*p + 268057 = -13*p + 29*p. What is the hundreds digit of p?
6
Suppose 0 = 5*v - 5*y - 35, 0*y = -4*v - 4*y + 36. Suppose 65 = v*n + 5*n. Suppose n*s - 4 = a - 19, -16 = -2*a - 4*s. What is the tens digit of a?
1
Let c = 88484 - 57955. What is the tens digit of c?
2
Suppose 51*f - 32*f = -12635. Let b = -131 - f. What is the units digit of b?
4
Let a be -3 - ((-9)/(-12) - (-62)/(-8)). Suppose -2542 = -4*q - 2*m, 0*q - a*q - 4*m = -2540. What is the hundreds digit of q?
6
Suppose -8 = -4*l - 3*g, l - 2 = 7*g - 2*g. Suppose l*t - t - 5*b = 236, -726 = -3*t - 3*b. What is the tens digit of t?
4
Let y = -325 - -338. Let h(r) = 6*r**2 - 19*r + 33. What is the units digit of h(y)?
0
Suppose 4*n + 3*k + 2*k = 1729, -n + 2*k + 429 = 0. Let a = n - 305. What is the hundreds digit of a?
1
Suppose -2*k + 70424 = 2*o, -2*k = -4*o + 89976 + 50842. What is the units digit of o?
7
Let y = -2996 + 9266. What is the thousands digit of y?
6
Let b = 93 + 3946. What is the thousands digit of b?
4
Suppose -24*x - 3*z = -25*x + 3866, 2*z + 2 = 0. What is the thousands digit of x?
3
What is the thousands digit of (-2933037)/(-81) + 15 - (-2 - 39/(-9))?
6
Let a = 2585 + -1369. Suppose 3*p = a + 353. What is the hundreds digit of p?
5
Suppose -27*d = -5681 - 4444. Suppose 4*f = -f + b + d, -5*b + 225 = 3*f. What is the tens digit of f?
7
Suppose -4693867 = 670*g - 779*g. What is the tens digit of g?
6
Suppose -3*p = v + 631 + 220, 5*p + 3418 = -4*v. Let i = v - -1238. What is the tens digit of i?
8
Suppose -3*s - 15 = 0, z - 4*s - 8 = 14. Let l(j) = -14*j + j**3 - 12 + 2*j + 8*j**z - 7*j. What is the units digit of l(-9)?
8
Let l = -459 - -473. Suppose -2289 = -l*f - 7*f. What is the units digit of f?
9
Suppose -4*a = 12, -58461 = -4*b - 4*a - 13449. What is the ten thousands digit of b?
1
Suppose 4216*c - 11664 = 4212*c. What is the tens digit of c?
1
Suppose 5*o + 15 = 0, -c - 4*c - 4*o + 34453 = 0. What is the thousands digit of c?
6
Suppose 203*h = 209*h. Suppose -2*m = 3*y - 2421, -4*m - 5*y + 4*y + 4827 = h. What is the hundreds digit of m?
2
Suppose -12*h = -16*h + 820. Let b = h + -120. What is the tens digit of -6*(b/(-3) + 3)?
5
Suppose 231*z - 230959 - 4378765 + 794990 = 0. What is the ten thousands digit of z?
1
Let p = -66634 - -135381. What is the tens digit of p?
4
Let y = 355 - -456. What is the hundreds digit of y - (12/(-3) + -4)?
8
Let t(c) = 39*c - 15*c + 48 - 79. What is the tens digit of t(18)?
0
Suppose -18*q - 4*u - 12 = -15*q, -3 = 4*q + u. Suppose 2*y + 2*i + 69 = 251, -2*i + 2 = q. What is the units digit of y?
0
Suppose -120872 = -8*o + 76167 - 38711. What is the hundreds digit of o?
7
Suppose 0 = -4*c - 14 - 10. Let z(w) = -7*w + 53. What is the tens digit of z(c)?
9
Suppose -a - 4*a = u - 27, -3*u - 5*a = -51. Suppose -6*d - 36 = -u*d. Suppose -3*j + q = d*q - 300, q + 528 = 5*j. What is the units digit of j?
5
Suppose 4*h - 8*h = 0, h = 5*r - 11435. Suppose 0 = -8*f + r + 1113. What is the units digit of f?
5
Let o = 5468 - 4322. What is the thousands digit of o?
1
Let k(p) = p**3 - 8*p + 594. Let y be k(0). Suppose 3*g + y = 1674. What is the tens digit of g?
6
Let j = -491 - -490. What is the hundreds digit of (3008/128)/(j/(-38))?
8
Let w(z) = -6*z - 66. Let m be w(-24). Suppose 27*j = 26*j + m. Let s = 177 - j. What is the tens digit of s?
9
Let c(y) = y + 20. Let i be c(-9). Let a be -1 + -15 - 44/i. Let l = a + 29. What is the units digit of l?
9
Let h(c) be the third derivative of c**6/60 + 17*c**5/60 + 7*c**4/24 + 5*c**2. Let i be h(-8). Suppose 5*w + i = 6*w. What is the units digit of w?
8
Let u be ((-20)/(-12) + -1)*3. Suppose r - 3*n - 164 = 0, -547 = -3*r - u*n - 0*n. Suppose 2*c - 248 = -2*c + 2*o, -3*c = -5*o - r. What is the tens digit of c?
6
Let t = 47221 - -2193. What is the tens digit of t?
1
Let z = -24 + 22. What is the units digit of (-69)/(18/240*z)?
0
Suppose 0 = 8*n - 1719 + 6991. Let j = -475 - n. What is the hundreds digit of j?
1
Suppose 2 = 3*z - 19. Let p(w) = -w**3 + 7*w**2 - 8*w - 5. Let n be p(5). Suppose -164 = n*c - z*c. What is the tens digit of c?
8
Let n(s) = -597*s**2 + 3*s + 2. Let d(u) = 1789*u**2 - 8*u - 5. Let j(i) = 4*d(i) + 11*n(i). What is the hundreds digit of j(-1)?
5
Let q = -103 + 103. Suppose q = 29*h - 5669 - 5525. What is the units digit of h?
6
Let p = -148 - -167. Suppose -13650 = 6*j - p*j. What is the units digit of j?
0
Suppose -4*x = f - 4113, 265*f - 263*f + 3*x - 8196 = 0. What is the units digit of f?
9
Let v(a) = -39*a**3 + 539*a + 2175. What is the thousands digit of v(-4)?
2
Let p(f) be the third derivative of -5*f**4/12 - f**3/3 - 2*f**2 + 15*f. What is the tens digit of p(-3)?
2
Let w(c) = -5*c. Let p be w(-2). Suppose 5*i - b = 15, -b = 5*i - 4*b - 15. What is the units digit of (i - p/4) + 232/16?
5
Let p(n) = -n - 9. Let f be p(-11). Suppose -2*g + 672 = 4*t + 2*g, 357 = f*t - 5*g. What is the hundreds digit of t?
1
Suppose 0 = 2*y - 3*m - 721, 0 = 3*y + y - m - 1467. Suppose y - 111 = t. What is the units digit of t?
7
Suppose 2*a = 4*s + 17662, a - 6*s = -9*s + 8816. What is the tens digit of a?
2
Let h = -7255 - -32352. What is the hundreds digit of h?
0
Let n(l) = -l**3 + 10*l**2 + 2*l - 12. Let u be n(10). Let t(w) = -w**3 + 8*w**2 - w + 16. Let b be t(u). What is the units digit of 69 - -1 - (-6 + b)?
8
Suppose -8*u + 5 = -19. Let d(l) = 7*l**2 - 7*l + 8. Let b be d(u). Suppose 0 = m - 0 - b. What is the tens digit of m?
5
Suppose 14*a + 10*a = 30*a - 75828. What is the units digit of a?
8
What is the ten thousands digit of (-3938)/(-22)*(-3153)/(-15) - 16/20?
3
Suppose -17*n = -24*n + 91. Suppose 2*d - 5*l - n = 24, -4*d = 3*l - 87. What is the units digit of d?
1
Suppose 0 = -5*q - 3*o + 28258, -5*q + 6*q - 5686 = 8*o. 